6 a factor of 8538018?
False
Is 8 a factor of 9156?
False
Does 5 divide 110815?
True
Is 70249 a multiple of 52?
False
Is 12 a factor of 809292?
True
Is 2493826 a multiple of 887?
False
Is 24881 even?
False
Does 4 divide 96528?
True
Is 54 a factor of 821124?
True
Is 313050 a multiple of 15?
True
Does 570 divide 3697785?
False
Does 2 divide 505860?
True
Is 22063841 a multiple of 17?
True
Does 6 divide 110299?
False
Is 385740 a multiple of 180?
True
Is 793026 a multiple of 117?
True
Is 27 a factor of 73930?
False
Does 6 divide 82155?
False
Is 5 a factor of 3145115?
True
Is 629887 a multiple of 100?
False
Is 470 a factor of 2909431?
False
Is 872 a factor of 10659995?
False
Is 279873 a multiple of 11?
True
Is 36 a factor of 735262?
False
Does 7 divide 784822?
False
Is 50 a factor of 38950?
True
Is 156332 a multiple of 5?
False
Is 359 a factor of 8618047?
False
Does 7 divide 50757?
True
Is 672718 a multiple of 9?
False
Is 631973 a multiple of 24?
False
Does 175 divide 1256150?
True
Does 71 divide 2176264?
False
Is 26 a factor of 69992?
True
Is 15853530 a multiple of 165?
True
Is 47 a factor of 22137?
True
Is 1147680 a multiple of 45?
True
Is 12 a factor of 100315?
False
Is 15 a factor of 54960?
True
Is 79944 a multiple of 2?
True
Is 1692870 a multiple of 438?
True
Is 210 a factor of 1032990?
True
Does 1098 divide 538020?
True
Does 400 divide 610236?
False
Does 32 divide 136640?
True
Is 9 a factor of 1090341?
True
Is 487 a factor of 52109?
True
Is 10 a factor of 771427?
False
Is 3573019 a multiple of 11?
False
Is 10 a factor of 438070?
True
Is 148922 a multiple of 38?
True
Is 75 a factor of 175425?
True
Is 798917 a multiple of 10?
False
Is 154 a factor of 347592?
False
Is 162 a factor of 5094736?
False
Is 1529801 a multiple of 479?
False
Is 4101806 a multiple of 334?
False
Is 76 a factor of 3553304?
True
Is 128 a factor of 669666?
False
Does 356 divide 2425072?
True
Is 19 a factor of 58596?
True
Is 708 a multiple of 7?
False
Is 1050192 a multiple of 102?
True
Is 19 a factor of 2110064?
True
Is 17901 a multiple of 107?
False
Does 24 divide 57332?
False
Is 90356 a multiple of 45?
False
Is 17774087 a multiple of 416?
False
Is 2461 a multiple of 3?
False
Is 189 a factor of 14123?
False
Does 172 divide 1989868?
True
Does 502 divide 91364?
True
Does 73 divide 4761644?
True
Does 32 divide 205711?
False
Is 29 a factor of 385521?
False
Is 96 a factor of 631584?
True
Does 7 divide 35433?
False
Does 43 divide 149816?
False
Does 492 divide 4310027?
False
Does 41 divide 6566847?
True
Is 291234 a multiple of 2?
True
Does 6 divide 15813?
False
Does 108 divide 208332?
True
Is 30 a factor of 1615647?
False
Is 92 a factor of 18051448?
False
Is 9 a factor of 21157?
False
Is 123 a factor of 790914?
False
Does 46 divide 563914?
True
Is 12 a factor of 162372?
True
Does 32 divide 100320?
True
Does 114 divide 371312?
False
Is 7 a factor of 1528?
False
Is 14747 a multiple of 5?
False
Does 12 divide 235475?
False
Does 6 divide 49812?
True
Is 55 a factor of 116304?
False
Does 3 divide 37592?
False
Is 41 a factor of 76547?
True
Is 24572694 a multiple of 82?
True
Is 10 a factor of 4674956?
False
Does 599 divide 13665586?
True
Is 49 a factor of 145122?
False
Does 313 divide 106641?
False
Is 37 a factor of 445956?
False
Does 16 divide 116224?
True
Is 7941079 a multiple of 1347?
False
Does 109 divide 3453556?
True
Is 725680 a multiple of 22?
False
Is 170156 a multiple of 206?
True
Is 2 a factor of 247679?
False
Is 11070 a multiple of 6?
True
Is 17 a factor of 1668530?
False
Does 19 divide 10809318?
False
Is 464670 a multiple of 6?
True
Does 8 divide 186794?
False
Is 44 a factor of 25631640?
False
Does 98 divide 505778?
True
Is 1071969 a multiple of 18?
False
Is 178022 a multiple of 26?
True
Is 148 a factor of 10884407?
False
Is 44 a factor of 1052772?
False
Is 42 a factor of 13342098?
True
Is 150627 a multiple of 17?
False
Is 27 a factor of 99463?
False
Is 23838 a multiple of 98?
False
Is 85348 a multiple of 38?
True
Is 258395 even?
False
Is 34 a factor of 1156?
True
Does 45 divide 383459?
False
Does 4 divide 80480?
True
Is 153 a factor of 3082950?
True
Does 16 divide 55472?
True
Does 278 divide 4686343?
False
Is 150880 a multiple of 40?
True
Does 80 divide 1731280?
True
Is 59565 a multiple of 33?
True
Is 366 a factor of 2004354?
False
Does 11 divide 1197086?
True
Does 35 divide 156402?
False
Does 207 divide 606303?
True
Is 34 a factor of 19754?
True
Is 182516 a multiple of 87?
False
Is 11481426 a multiple of 63?
False
Is 1316171 a multiple of 185?
False
Is 8579163 a multiple of 53?
True
Is 189150 a multiple of 195?
True
Does 32 divide 54272?
True
Is 66626 a multiple of 4?
False
Is 635 a factor of 286385?
True
Does 134 divide 2469486?
True
Is 26 a factor of 1215162?
True
Is 25 a factor of 198825?
True
Is 3585851 a multiple of 437?
False
Is 1143 a factor of 5302377?
True
Does 13 divide 97386?
False
Is 457142 a multiple of 119?
False
Is 312 a factor of 1178998?
False
Is 9184238 a multiple of 7?
True
Does 7 divide 21110397?
True
Does 112 divide 706496?
True
Is 4823029 a multiple of 10?
False
Does 37 divide 121064?
True
Does 18 divide 205677?
False
Is 41205 a multiple of 615?
True
Does 831 divide 3338916?
False
Does 28 divide 1266730?
False
Is 4 a factor of 536183?
False
Is 86 a factor of 1131075?
False
Is 75 a factor of 3866994?
False
Is 20575539 a multiple of 27?
True
Is 2 a factor of 25442?
True
Is 142655 a multiple of 515?
True
Is 94857 a multiple of 85?
False
Is 26 a factor of 205088?
True
Is 45991 a multiple of 11?
True
Is 151 a factor of 83016?
False
Is 79972 a multiple of 55?
False
Does 10 divide 103807?
False
Is 916 a factor of 8172552?
True
Does 172 divide 3347605?
False
Is 9 a factor of 2129769?
True
Does 34 divide 67388?
True
Is 407250 a multiple of 32?
False
Is 30 a factor of 131010?
True
Is 6584367 a multiple of 799?
False
Is 272 a factor of 426496?
True
Is 255668 a multiple of 33?
False
Does 48 divide 1299840?
True
Is 591 a factor of 2287063?
False
Is 9 a factor of 806472?
True
Is 199 a factor of 101659?
False
Does 81 divide 16524?
True
Is 2 a factor of 37801?
False
Is 249361 a multiple of 727?
True
Is 7 a factor of 12043183?
False
Is 21 a factor of 208047?
True
Is 25 a factor of 5192825?
True
Is 66 a factor of 5809254?
True
Is 503 a factor of 1929508?
True
Does 3 divide 355996?
False
Is 1361448 a multiple of 66?
True
Does 277 divide 990714?
False
Is 26 a factor of 12730?
False
Does 8 divide 223400?
True
Is 16 a factor of 14295408?
True
Is 268 a factor of 861709?
False
Is 1810000 a multiple of 16?
True
Does 52 divide 34632?
True
Is 29 a factor of 9435237?
True
Is 38149 a multiple of 99?
False
Is 16 a factor of 766491?
False
Is 14 a factor of 48720?
True
Is 7 a factor of 968555?
True
Is 22932 a multiple of 42?
True
Is 6626950 a multiple of 599?
False
Is 962011 a multiple of 1450?
False
Is 1766622 a multiple of 58?
True
Is 123132 a multiple of 6?
True
Is 28 a factor of 1693244?
True
Is 304 a factor of 229916?
False
Is 3 a factor of 638835?
True
Does 49 divide 3284312?
False
Does 36 divide 71078?
False
Does 32 divide 697952?
True
Does 756 divide 2860704?
True
Is 9 a factor of 4680279?
True
Does 30 divide 11481025?
False
Does 109 divide 1111738?
False
Is 209010 a multiple of 6?
True
Is 105 a factor of 2626575?
True
Does 612 divide 28298518?
False
Is 205 a factor of 8405?
True
Is 378845 a multiple of 70?
False
Does 14 divide 2284230?
False
Is 23 a factor of 10255175?
False
Does 138 divide 257498?
False
Is 1697692 a multiple of 658?
False
Does 27 divide 2348973?
True
Does 38 divide 2231648?
False
Does 102 divide 6150084?
False
Does 797 divide 623850?
False
Is 90648 a multiple of 184?
False
Is 4690245 a multiple of 21?
True
Does 5 divide 466851?
False
Is 885 a factor of 2940855?
True
Does 16 divide 13508?
False
Is 10 a factor of 230980?
True
Is 829406 a multiple of 506?
False
Is 200 a factor of 1126573?
False
Is 1476450 a multiple of 510?
True
Is 52 a factor of 86170?
False
Is 220 a factor of 6335340?
True
Is 66843 a multiple of 10?
False
Does 19 divide 713915?
False
Is 240 a factor of 15120?
True
Is 283 a factor of 10816920?
False
Is 20 a factor of 747300?
True
Does 18 divide 9712746?
True
Is 74 a factor of 270620?
False
Is 5 a factor of 66525?
True
Does 2226 divide 26309